20 = 2*j, j - g*j - 16 = m*l. Let y(a) = -2*a - 5. Determine y(l).
3
Let s(y) = -7*y**2 + 4*y + 5. Let g(w) = 4 - 3*w + 5*w + 6*w - 6*w**2 - 4*w. Let a(n) = -6*g(n) + 5*s(n). Let f(x) be the first derivative of a(x). Give f(5).
6
Let l(b) = b + 9. Let q be (-1 - 65/(-35))*-7. What is l(q)?
3
Let i(y) = 57 - 9*y - 11*y**3 + 8*y**3 + 2*y**3 - 67 + 8*y**2. Determine i(7).
-24
Let y(t) = t - 1. Let d(b) = -2*b + 3. Let o(p) = 2*d(p) + 3*y(p). Suppose 2*i + 2 - 10 = 0. Suppose -h - i*h = -25. Calculate o(h).
-2
Suppose 0 = q - 2 - 6. Let w(k) = 0*k**2 + 0*k**2 + k - q*k**2 + k**2. What is w(1)?
-6
Suppose -8*z + 8 = -6*z. Let l(j) = 4*j**3. Let f be l(-1). Let d = f + z. Let t(q) = -q - 4. Determine t(d).
-4
Suppose 4*b - 5 = -13. Let y(u) = 2*u**2 + 3 + 2*u**2 + 4*u - u**2. Give y(b).
7
Let s(h) = 7*h**2 + 5*h - 6. Let d(z) = -z**2 + z + 1. Let k(l) = -2*d(l) + s(l). Let g(b) = -3*b**2 - b + 3. Let x(a) = -8*g(a) - 3*k(a). Calculate x(-1).
-2
Let i(d) be the third derivative of d**4/24 + d**3/6 - 10*d**2. What is i(3)?
4
Let v(b) = -15*b**2 - 1 - b + 9*b + 16*b**2. Give v(-6).
-13
Let w(p) = p**2 - 2*p - 2. Let i be w(4). Let n = i + -4. Let k(g) = 2*g - 5*g + n*g + 3. What is k(4)?
-1
Let q(x) = 9*x**3 + 4*x**2 + 5*x + 3*x - 15*x + 2*x. Let g(s) = -8*s**3 - 3*s**2 + 4*s. Let p(t) = 5*g(t) + 4*q(t). Determine p(-1).
5
Let x(l) be the second derivative of l**3/6 + 2*l**2 - 15*l. Calculate x(0).
4
Let r(l) = -l + 6. Let g = -26 + 21. Let j(a) = a - 6. Let d(n) = g*r(n) - 6*j(n). Determine d(5).
1
Suppose u = 0, -2*v - 2*u = -u. Let f = 0 + v. Let c(m) be the second derivative of -m**5/20 + m**4/12 + m**3/6 - m**2 + m. Calculate c(f).
-2
Let x(f) = 22 - 19*f + 32*f - 12*f. Calculate x(-9).
13
Let d(m) = -m**2 + 5*m - 6. Let n(z) = -z - 1. Let j(k) = d(k) - 2*n(k). Let l(u) = u**2 + 1. Let i be l(0). Let w = i - -4. Calculate j(w).
6
Suppose 3*w = 4*s + 3 + 24, 0 = -5*w + 3*s + 34. Suppose 3*y - 7*y + b + 21 = 0, 0 = y - w*b - 10. Let u(j) = 2*j. Give u(y).
10
Let m(b) = -b**2 - b + 1. Let h(v) be the second derivative of v**4/3 + 2*v**3/3 - v**2/2 - 3*v. Let u(p) = -h(p) - 5*m(p). Give u(3).
8
Suppose -4*k + 12 = -4*d, d + 1 + 2 = 3*k. Let s(g) = -g**2 - g - 4. What is s(k)?
-4
Let n(x) = 27 + x**2 - 26 + x**2. Give n(2).
9
Suppose 0 = -4*f - 19 + 3. Let y be (-15 - -11)*(-6)/f. Let s(o) be the second derivative of -o**4/12 - o**3 + 5*o**2/2 - o. Determine s(y).
5
Let v(z) = -4*z + 2*z + 7*z + 0*z. What is v(-2)?
-10
Let c(m) = -m - 1. Suppose 0 = 2*t - 4, 0*k - 5*t + 10 = -k. Suppose k = 2*s - 4*a + 24, -4*s + 4*a - 36 + 4 = 0. What is c(s)?
3
Let i = -37 + 40. Let a(q) = -q**2 + 3*q - 2. Calculate a(i).
-2
Suppose -m = -2*p - 4*m, 4*p - 3*m = -36. Let q = 20 - 26. Let w = q - p. Let n(y) = y + 2. Calculate n(w).
2
Let g(w) = -2 + 20*w - 23*w - 1. Determine g(-3).
6
Suppose -3*b = 4*f + 7, 32 = 3*f - 3*b + 11. Let u(y) = 6*y**2 - 5 + y**f + 4*y - 2*y**2 + 1 + y**3. Give u(-4).
-4
Let z be 8/(-10) + (-34)/(-5). Let w(g) = -14*g**3 + 23*g**2 + 14. Let f(v) = -5*v**3 + 8*v**2 + 5. Let k(y) = z*w(y) - 17*f(y). Give k(-3).
-10
Let a(j) = 18*j + 0 - 7 - 32*j + 13*j. Give a(5).
-12
Let h be 2/(-10)*6/3*-5. Let n(f) = -f + 1. Calculate n(h).
-1
Let d(h) be the third derivative of h**6/120 + h**5/20 - h**4/12 - h**3/6 + h**2. Calculate d(-4).
-9
Suppose 3*a + 2*a = 4*h + 8, a + 4 = -2*h. Let o(p) = 0 + 1 - p**2 - 2. What is o(a)?
-1
Let d(c) = 4 + 5*c - c**2 - 4*c**3 - 5*c**2 + c**3 + 4*c**3. Let t = 11 + -6. Give d(t).
4
Let t(z) = 10*z + 1. Let b(f) = 6*f. Let n(r) = r. Let w(j) = b(j) - 15*n(j). Let l(q) = -6*t(q) - 7*w(q). Calculate l(5).
9
Suppose 4*l - 6 = 2*j, -4*j + 0*l + 8 = -3*l. Let y(d) = d**2 - 4*d - 2. Give y(j).
3
Let a = 13 + -12. Let u(v) = 0 - a + v**3 + v**2 - 3. Calculate u(0).
-4
Suppose -a = 5*m + 25, 0 = -0*m + 4*m - 5*a + 49. Let y(l) = -l**2 - 4*l - 1. Calculate y(m).
-13
Let y(t) = -3*t**2 - 4*t + 1. Let z(q) = q + 1. Let k(b) = -y(b) - 3*z(b). Calculate k(3).
26
Let f(j) = -j**3 + 3*j**2 + 5*j - 6. Let v = 29 + -25. Determine f(v).
-2
Let b(j) = 3*j**3 - 22*j**2 + 21*j - 22. Let r(n) = 2*n**3 - 15*n**2 + 14*n - 15. Let h(z) = 5*b(z) - 7*r(z). Suppose 0*u + 16 = 4*u. Determine h(u).
7
Let u(z) be the first derivative of -z**3/3 + z**2/2 + 4*z - 8. Calculate u(3).
-2
Suppose 0 = 5*q + x - 17, -3*q - x + 5*x = -1. Let z(h) = -2*h**2 + 3*h + 4. What is z(q)?
-5
Suppose 0*d = 2*d - 10. Suppose n + 4 = d*a, -13 = 4*a + 4*n + 3. Suppose a*f = 5*f + 5. Let k(s) = -7*s**3 + s**2 - s - 1. Give k(f).
8
Let h = 13 + -18. Let w(c) be the third derivative of c**6/360 + c**5/20 - c**4/12 + c**2. Let q(o) be the second derivative of w(o). Determine q(h).
-4
Let x(t) = 0 - 5 + t - 2*t + 3*t. Determine x(5).
5
Let j = -2 - 1. Let z = -4 - j. Let q be (0 + 2)/z + -2. Let g(k) = k**3 + 4*k**2 - k - 1. What is g(q)?
3
Suppose -8*k + 14 - 78 = 0. Let m(i) = -i + 3. What is m(k)?
11
Let d(h) = h**2 - 7*h - 4. Let l be d(8). Suppose -b + l = 3*b. Let s(q) = q**2 - b + q + 1. Give s(0).
0
Let y(c) be the third derivative of -c**4/6 - 2*c**3/3 + 16*c**2 + 2*c. Determine y(6).
-28
Let l = -9 - -15. Let x(u) be the third derivative of -u**4/24 + 2*u**3/3 + 15*u**2. What is x(l)?
-2
Let o be 2 - 4*(-4 - -3). Let p(l) = -2 - 9*l + 3*l**2 + o*l + 4*l - 2*l**2. Calculate p(-3).
4
Let f(d) = -d**2 - 2. Let q be f(0). Let c = -5 - -10. Let p(j) = 1 + 2*j**3 - j**3 + c*j**2 - 2*j**2 + 2*j - 3. Determine p(q).
-2
Let p(z) = z + 8. Let t be p(0). Let n be (t/(-3))/(10/(-15)). Let m(c) = -n + 3*c**2 + 5*c - c - c**3 + 0*c**3. Give m(3).
8
Let g(d) = 13*d - 3. Let c(m) = -37*m + 9. Let k(z) = 3*c(z) + 8*g(z). Give k(4).
-25
Let v(l) = 4*l + 3. Let c(g) = g. Let f(a) = -c(a) - v(a). Give f(-3).
12
Let d(f) = -3*f**3 - 7*f**2 - 11*f - 8. Let y(v) = -4*v**3 - 7*v**2 - 12*v - 8. Let k(b) = 5*d(b) - 4*y(b). Calculate k(8).
0
Let m(v) be the first derivative of v**2/2 + 10*v + 2. Let f be m(-10). Let s(t) = t - 9. Determine s(f).
-9
Let b(r) be the first derivative of -2*r**5/15 + r**3/6 + 3*r**2/2 + 4. Let a(y) be the second derivative of b(y). What is a(1)?
-7
Let d = -1 + 4. Let x(v) = 0*v**2 - 2*v**2 + 1 - 8*v**2 + 9*v**2 + 4*v. What is x(d)?
4
Let b(n) = -n**2 - 7*n - 5. Let y be (-9 - -8)/(2/12). What is b(y)?
1
Let i(y) = 3*y - 1 - 5*y**2 - y**3 - 2*y + 3*y**2. Let j = -8 + 11. Suppose q - j*q = -2*d - 12, 2*q = d + 10. What is i(d)?
-3
Let q(g) = g**2 + 10*g - 15. Let n be q(-11). Let w(o) = o**2 - o + 1. What is w(n)?
21
Let j(s) = -s**2 - 4*s + 3. Let q(u) = -u - 14. Let o be q(0). Let h = o - -9. What is j(h)?
-2
Let m(a) = 9*a + 4. Let i(w) = 3*w + 1. Let c(f) = -3*f - 1. Let k(z) = 7*c(z) + 6*i(z). Let g(y) = -7*k(y) - 2*m(y). What is g(1)?
2
Let v(g) = g**3 - 6*g**2 + g - 5. Let x = 50 + -44. What is v(x)?
1
Let s(m) = -18*m + 1. Let f(n) = 19*n - 1. Let y(u) = 4*f(u) + 5*s(u). Give y(1).
-13
Let p(x) = 3*x - 4*x - 3 + 2. Let o(r) = -8*r. Let k be ((-2)/(-4))/(2/12). Let h(g) = k*p(g) - o(g). Give h(2).
7
Suppose 5*o + 0*o = 4*d + 26, -2*d + o - 10 = 0. Let s = -1 - d. Let q(w) = 0*w**2 - w + w**2 + 10 - 11. Determine q(s).
5
Let l(d) = d**2 - 2 + 5 + 3*d + 3. Let n(s) = s**2 + 4*s + 5. Let y(w) = 2*l(w) - 3*n(w). Suppose r = 5*o + 2*r + 21, -3*o + 5*r = 7. Give y(o).
5
Let w be 1/(-5) - (-11)/5. Let h be -1 - (-2 + 4/w). Let x(j) = 11*j**3 + j**2 + 2*j + 1. Give x(h).
-11
Let f(i) be the third derivative of i**5/60 - 7*i**4/24 - i**3/2 - i**2. Let x(d) be the first derivative of f(d). Give x(6).
5
Let p(q) = -q**3 + 12*q**2 + 12*q + 16. Let w be p(13). Let c(z) be the first derivative of 2*z**2 + z - 3*z**2 + 2 + 0*z. Calculate c(w).
-5
Let l(m) = -m**2 + 2*m + 4. Suppose -16*v + 66 = -5*v. Give l(v).
-20
Let i(f) = 2*f**2 - f + 1. Let z be i(1). Let q(a) = -a**2 - 2 + a + 0*a**z + 2 - 2*a**3 - 1. Let c = 1 + 0. Determine q(c).
-3
Let a(p) be the third derivative of -p**4/8 - 4*p**3/3 + 15*p**2. Determine a(-6).
10
Let q(l) be the third derivative of l**6/120 + l**5/20 - 7*l**4/24 - 6*l**2. What is q(-5)?
-15
Let m(w) = w + 2. Let k be m(6). Suppose -3*t + a = 6, 2*t - 6*t - 3*a = k. Let b(s) = -3*s**2 - 3*s - 2. Give b(t).
-8
Let k be (-2)/(2/(-8)*2). Suppose 0 = 4*n + k*h + 8 - 0, 3*n = -4*h - 9. Let w(p) = 7*p**3 + 2*p**2 - p. Give w(n).
8
Let w(n) = -n